i(k) = -3*k**2 + 5*k + 1. Let h(u) = u**2 - 3*u. Let l(y) = -10*h(y) - 4*i(y). Suppose -3*r + 39 = -6. Calculate the remainder when l(-8) is divided by r.
14
Suppose -o + l - 1 = -4*l, -3*o + 57 = -3*l. Let z(b) = -68*b + 2. Calculate the remainder when z(-1) is divided by o.
22
What is the remainder when 75 is divided by -6 - (-2 - (4 - 8 - -22))?
5
Let b be 6/4 - (-2)/4. Suppose -q - 9 = -4*f - 1, -b*f = 4*q - 58. Let o(z) = z**3 + 6*z**2 - 6*z + 12. Calculate the remainder when q is divided by o(-7).
2
Let w = -233 - -251. Calculate the remainder when w is divided by 7.
4
Let q = 29 + -15. Suppose 4*d = -9 + 9. Suppose -4*c + 61 - 29 = d. Calculate the remainder when q is divided by c.
6
Let b be 0*1/2*-1. Suppose 5*a = 5*j - 2*j - 155, b = j - 2*a - 52. What is the remainder when j is divided by 26?
24
Calculate the remainder when 107 is divided by 360/(-70)*(-7 + 3 - 3).
35
Let t(h) = 3*h**2 - 4*h - 8. Let m be t(4). Suppose -j - m = -67. What is the remainder when j is divided by (1 + 1)/((-2)/(-11))?
10
Suppose -2*u - 80 = -4*u - 2*k, -5*u + 150 = -5*k. What is the remainder when u is divided by 12?
11
Let r = 10 + 9. Calculate the remainder when r is divided by 11.
8
Let f be (108/(-15))/((-3)/30). Let p = f + -55. Calculate the remainder when 99 is divided by p.
14
Let s = -1 + 12. Let n = -7 + s. Let t(d) = d**3 + d**2 - 11*d - 4. What is the remainder when t(-3) is divided by n?
3
Suppose f = -v + 5*f + 29, 56 = 4*v + 4*f. Suppose 5*q + o - 49 = 0, 3*q + 2*o - 28 = -0*q. What is the remainder when v is divided by q?
7
Suppose -7*w - 80 = -3*s - 2*w, -123 = -5*s - 2*w. Let a = 100 + -3. What is the remainder when a is divided by s?
22
Let w(g) = -g**2 - 14*g - 13. Let k be w(-13). Let a = k - -45. What is the remainder when a is divided by 12?
9
Let o(q) = 32*q - 491. Calculate the remainder when 121 is divided by o(16).
16
Let f = 1251 - 1172. What is the remainder when f is divided by 67?
12
Let x(h) = 6*h - 8. Let g be ((-128)/(-24))/(2/3). Let f be x(g). Calculate the remainder when 8 is divided by (-2)/1*f/(-16).
3
Suppose -2*o + 9 + 1 = 0. Let b(v) = -271*v + 1362. What is the remainder when b(5) is divided by o?
2
Suppose 2 = -0*v - 2*v. Let l = 4 + v. Suppose l = c - j, -c - 5*j - 9 = -24. What is the remainder when c is divided by 3?
2
Suppose -15*m + 14*m = 0. Calculate the remainder when ((-2)/4 - m)/(3/(-288)) is divided by 10.
8
Let p(g) = g + 9. Let m be p(-11). Calculate the remainder when m - 468/(-15)*(-20)/(-6) is divided by 52.
50
Let k(w) = w**3 - 7*w**2 + 10. Let t(c) = -c**2 + 9*c - 1. Let x be t(8). What is the remainder when 19 is divided by k(x)?
9
Suppose 4 + 10 = 4*f + 3*z, -5*f + 23 = z. Calculate the remainder when 26 is divided by f.
1
Suppose -25 + 744 = 5*r + 4*x, -4 = x. Suppose -k - 36 = -5*d + 123, -5*d + r = 2*k. What is the remainder when d is divided by 0 + 3/(9/33)?
9
Let h(x) = -x**3 + 31*x**2 + 40*x - 5. Calculate the remainder when h(32) is divided by 132.
119
Let f(l) be the second derivative of -l**3/6 - 5*l**2/2 - 19*l. Calculate the remainder when 3 is divided by f(-6).
0
Suppose -3*f = -5*v - 0*v - 20, 3*v + 12 = 5*f. Let n(r) = r**2 + 47. What is the remainder when n(f) is divided by 16?
15
Suppose 0 = -5*i + 5*g - 15, -5*g = 4*i - 6*g - 3. Suppose 34 + 12 = i*b. What is the remainder when 66 is divided by b?
20
Calculate the remainder when 129 is divided by 40/50 + (-648)/(-40).
10
Let l = 195 - 127. Calculate the remainder when l is divided by 35.
33
Let j be (-2)/(-10) - 3/15. Suppose -4*d + 0 = 16, 2*k - 2*d + 22 = j. Let w = 0 - k. Calculate the remainder when 42 is divided by w.
12
Let b = -2282 + 3959. What is the remainder when b is divided by 10?
7
Let f be -31*(-4 + 5)*-10. What is the remainder when 18 is divided by f/30 - 2/(-3)?
7
Let o = -1310 - -1983. Calculate the remainder when o is divided by 98.
85
Let l be 0 + 4 + -43 + -2. Let a = 28 - l. Calculate the remainder when a is divided by 18.
15
Suppose 0 = -0*l + 3*l. Let j = 6 - l. Let t = 96 - 79. What is the remainder when t is divided by j?
5
Let o = 250 - 233. What is the remainder when 18 is divided by o?
1
Let a(y) = y**3 + 8*y**2 + 2*y - 11. Let p be a(-7). Let w = 16 + p. What is the remainder when 158 is divided by w?
38
Suppose 2*n - 6*t = -10*t + 264, 5*t = -2*n + 262. What is the remainder when n is divided by 49?
38
Let l be 7/(7/4) - (11 + -7). Suppose -2*z - 15 = -2*d + z, -2*d - 4*z + 36 = l. Calculate the remainder when 177 is divided by d.
9
Let t(j) = -j**3 + j**2 - 2*j + 4. Let y be t(0). Suppose -d + 5*c - 7 = -0*c, -y*d = 4*c - 44. Calculate the remainder when 30 is divided by d.
6
Let s be 3/2*(3 - 2)*-18. Let w = s + 63. What is the remainder when w is divided by 5?
1
Let v = 52 + 2. Let k = -42 + v. Calculate the remainder when k is divided by 1.
0
What is the remainder when 62 is divided by 6/((-1)/24*-9)?
14
Let x(w) = w**3 + w**2 + w - 3. Let u be x(0). Suppose 0 = 4*c - d - 31, -2*c + 0*c + 33 = 3*d. What is the remainder when 45/6*(-10)/u is divided by c?
7
Suppose -b - 5*f - 24 + 70 = 0, -2*f = -b + 25. Calculate the remainder when 86 is divided by b.
24
Suppose 0 = -11*n + 4*n + 448. Calculate the remainder when 318 is divided by n.
62
Let s(f) = f**3 - 11*f**2 + 5*f + 11. Let w be s(10). Let k = 49 + w. Calculate the remainder when k is divided by 6.
4
Let d(w) = -w**2 - 4*w - 5 - 4*w + 0*w - 2. What is the remainder when d(-6) is divided by 4?
1
What is the remainder when 155 is divided by -3 + 88/5 - (-4)/10?
5
Let j(u) = -4*u**2 + 99*u - 4. What is the remainder when j(22) is divided by 68?
34
What is the remainder when 45 is divided by 192/160 + 59/5?
6
Calculate the remainder when 274 is divided by (106/2)/(0 + 1) + 2.
54
Let t(y) = -y**2 - 17*y - 10. Let z = -4 + 23. What is the remainder when t(-6) is divided by z?
18
Let q(y) = -y**3 + 3*y**2 + 3. Suppose -t + 0*t - 2 = -a, -2*t + 5 = a. Calculate the remainder when q(a) is divided by 3/1*(0 - -1).
0
Let o = 684 + -409. Calculate the remainder when o is divided by 98.
79
Let b(w) = 20*w**2 - 2*w + 5. Calculate the remainder when 156 is divided by b(1).
18
Let c be 732/30 - 4/10. Suppose c = -3*d + 7*d. Calculate the remainder when 8 is divided by d.
2
Calculate the remainder when 319 is divided by (-1900)/665*(-14)/(-4)*-2.
19
Let b(t) = 25*t + 50. Calculate the remainder when b(10) is divided by 16.
12
Suppose -5*p = 4*h - 2*h - 97, 236 = 4*h - 4*p. What is the remainder when 236 is divided by h?
12
Let v = -108 + 118. Suppose -12*x + v*x = -68. Calculate the remainder when x is divided by 12.
10
Let b(x) = -2*x**2 - 15*x + 11. Let y be 306/(-39) + 2/(-13). Let u be b(y). Calculate the remainder when 25 is divided by 1*(-3 + 51/u).
11
Let j(z) = -2*z - 10. Let r be j(5). Let s = 23 + r. What is the remainder when 11 is divided by s?
2
Suppose 2*o + 8*i = 5*i - 393, 3*i = -5*o - 978. Let l = o + 204. What is the remainder when l is divided by (-2)/(-6) - (-34)/6?
3
Let q(r) = -r**2 + r + 46. Let s be q(0). Suppose -s = -2*h + 6. Calculate the remainder when 49 is divided by h.
23
Suppose -3*y + 0*y = -42. Suppose -5*k + y = 2*h - 11, 3*k + 2*h = 15. What is the remainder when 17 is divided by k?
2
Suppose 0 = -4*r + 4, 5*c - 15 = r - 1. Suppose -c*u - 112 = -7*u. What is the remainder when u is divided by 15?
13
What is the remainder when 63 is divided by 2 + -2 - -46 - 11?
28
Suppose 5*z - 526 = -96. Calculate the remainder when z is divided by 29.
28
Suppose 0 = -4*o + 3*x + 2401, -2981 = -5*o - 10*x + 7*x. What is the remainder when o is divided by 100?
98
Suppose -175 = 30*b - 37*b. What is the remainder when 0 - 88/((-4)/2) is divided by b?
19
Suppose -3*q - 40 = -4*q. Let o(u) = -u**2 + 7*u - 4. Let z be o(6). What is the remainder when q is divided by (28/z)/((-15)/(-15))?
12
Let k(b) = b**3 - b**2 - 10*b + 15. Calculate the remainder when 110/2 - 1*-2 is divided by k(0).
12
Let f = -1647 - -1670. Calculate the remainder when 607 is divided by f.
9
Suppose -1728 + 1936 = 8*n. Calculate the remainder when 47 is divided by n.
21
Let y = -700 + 728. What is the remainder when 104 is divided by y?
20
Suppose -7*o + 21 = -5*o + 5*r, 0 = -3*o + 3*r. Suppose 0*s + 3*s + o*y + 12 = 0, -5*y - 25 = 0. What is the remainder when